.
5
What is the greatest common divisor of 35740 and 25?
5
What is the highest common divisor of 367393 and 559?
13
What is the greatest common factor of 41423 and 437?
23
Calculate the highest common divisor of 75525 and 31217.
1007
What is the highest common divisor of 551 and 29899?
29
What is the greatest common factor of 2426337 and 2313?
2313
What is the highest common factor of 1188 and 336?
12
What is the highest common factor of 1176 and 264?
24
What is the highest common factor of 69 and 120451?
23
Calculate the greatest common divisor of 18106 and 198.
22
Calculate the greatest common factor of 26 and 712829.
13
What is the highest common factor of 699 and 44969?
233
Calculate the greatest common divisor of 5125 and 2501.
41
What is the greatest common divisor of 39881 and 4?
1
Calculate the highest common factor of 75 and 353895.
15
What is the highest common factor of 148749 and 18282?
831
What is the greatest common divisor of 609 and 3633?
21
What is the highest common factor of 2289 and 1809618?
327
Calculate the greatest common factor of 276 and 57.
3
What is the highest common divisor of 48 and 3424536?
24
Calculate the highest common divisor of 553604 and 4.
4
Calculate the highest common divisor of 10912 and 57629.
341
What is the greatest common divisor of 9 and 313?
1
Calculate the greatest common divisor of 13440 and 75.
15
Calculate the greatest common divisor of 286 and 110032.
26
What is the greatest common factor of 1330 and 40250?
70
What is the highest common divisor of 17712 and 108?
108
What is the greatest common factor of 834 and 673455?
417
What is the greatest common factor of 14032960 and 40?
40
What is the highest common divisor of 24330 and 750?
30
Calculate the highest common factor of 108204 and 131064.
1524
Calculate the greatest common divisor of 208 and 141728.
16
Calculate the greatest common factor of 1581 and 153.
51
What is the highest common divisor of 392 and 34072?
8
Calculate the greatest common divisor of 44 and 644413.
11
What is the greatest common factor of 854684 and 292?
292
What is the highest common divisor of 466 and 382819?
233
Calculate the highest common factor of 107 and 2.
1
Calculate the greatest common factor of 90 and 36405.
45
Calculate the highest common divisor of 60624 and 49678.
842
What is the highest common factor of 807 and 219?
3
Calculate the highest common divisor of 1048 and 64.
8
Calculate the greatest common factor of 335 and 30083.
67
Calculate the greatest common divisor of 97335 and 72765.
945
Calculate the greatest common factor of 12309 and 66.
33
Calculate the greatest common divisor of 914 and 2062441.
457
Calculate the highest common divisor of 11 and 203423.
11
Calculate the greatest common factor of 128624 and 16.
16
What is the greatest common divisor of 596 and 6422?
2
Calculate the greatest common factor of 44496 and 288.
144
Calculate the highest common divisor of 976812 and 12.
12
What is the highest common factor of 39396 and 60?
12
Calculate the greatest common divisor of 13916643 and 1014.
507
What is the greatest common divisor of 71814 and 6?
6
Calculate the greatest common divisor of 1675 and 44086.
67
Calculate the greatest common divisor of 15417 and 81.
27
Calculate the highest common factor of 36 and 483012.
36
Calculate the highest common factor of 32329 and 22.
11
Calculate the highest common divisor of 1057230 and 60.
30
Calculate the greatest common factor of 16685288 and 367.
367
Calculate the highest common divisor of 747 and 225.
9
Calculate the greatest common factor of 55840 and 160.
160
What is the greatest common factor of 16715 and 5?
5
What is the greatest common factor of 2718933 and 903?
903
Calculate the greatest common divisor of 4248 and 1396.
4
Calculate the greatest common factor of 146909 and 77.
7
Calculate the highest common divisor of 134 and 206628.
134
Calculate the highest common factor of 3128 and 88.
8
What is the highest common divisor of 17172 and 265?
53
What is the greatest common factor of 29 and 32741?
29
What is the greatest common divisor of 3 and 210711?
3
Calculate the highest common factor of 44446 and 32.
2
What is the highest common factor of 9241 and 2?
1
Calculate the highest common factor of 11077313 and 13.
13
What is the highest common divisor of 383431 and 86?
43
Calculate the greatest common divisor of 13581 and 5337.
9
What is the highest common divisor of 65026 and 1924?
26
Calculate the greatest common divisor of 171 and 4718574.
171
Calculate the highest common factor of 412815 and 120.
15
What is the greatest common factor of 147 and 674247?
21
Calculate the highest common divisor of 50732 and 352.
44
Calculate the highest common divisor of 6335188 and 852.
284
What is the greatest common divisor of 409222 and 4628?
178
Calculate the highest common factor of 76266 and 99522.
342
What is the highest common divisor of 62 and 253952?
62
What is the highest common factor of 9 and 273519?
9
Calculate the greatest common factor of 16 and 92.
4
Calculate the highest common divisor of 56 and 3716.
4
Calculate the highest common factor of 67907 and 6230.
623
Calculate the highest common factor of 23838 and 26274.
174
What is the highest common factor of 6576 and 213309?
411
What is the highest common factor of 2591476 and 124?
124
What is the greatest common factor of 27 and 3879?
9
What is the highest common divisor of 29791 and 31?
31
What is the highest common divisor of 1470 and 2502430?
490
Calculate the greatest common divisor of 21993 and 51.
3
What is the greatest common divisor of 4310 and 74?
2
What is the greatest common divisor of 480 and 3552?
96
Calculate the highest common divisor of 37518 and 1406.
74
Calculate the highest common divisor of 59 and 158297.
59
Calculate the greatest common divisor of 65001 and 922.
461
Calculate the greatest common divisor of 30 and 355890.
30
Calculate the highest common factor of 111737 and 29.
29
Calculate the highest common divisor of 1224 and 984504.
408
What is the greatest common factor of 420 and 18780?
60
What is the highest common factor of 8675775 and 30?
15
Calculate the greatest common factor of 304 and 252016.
304
What is the greatest common divisor of 57794 and 296?
74
What is the greatest common factor of 1261 and 923?
13
Calculate the greatest common factor of 147 and 45136.
7
Calculate the greatest common factor of 134140 and 1059.
353
What is the greatest common factor of 48 and 57660?
12
What is the highest common factor of 38900 and 700?
100
Calculate the highest common factor of 30299 and 1394.
41
Calculate the greatest common factor of 58 and 387962.
58
What is the highest common factor of 35919 and 1?
1
Calculate the highest common divisor of 231 and 1151337.
33
Calculate the highest common divisor of 150 and 195150.
150
Calculate the highest common factor of 14772793 and 7.
7
What is the greatest common factor of 28072 and 33814?
638
What is the highest common divisor of 220286 and 9424?
1178
Calculate the greatest common divisor of 245614 and 8656.
1082
What is the greatest common divisor of 626471 and 356?
89
Calculate the highest common divisor of 1298 and 3784.
22
What is the greatest common divisor of 4 and 12468?
4
Calculate the highest common factor of 608003 and 682.
341
Calculate the highest common factor of 799 and 5781.
47
Calculate the highest common divisor of 2028143 and 13.
13
Calculate the highest common factor of 73700 and 150.
50
What is the greatest common factor of 2160 and 21840?
240
Calculate the highest common divisor of 6925 and 235.
5
What is the highest common factor of 2012 and 386807?
503
Calculate the highest common divisor of 94 and 64954.
94
What is the greatest common divisor of 1155 and 262075?
55
Calculate the highest common factor of 3170 and 20288.
634
What is the highest common divisor of 2876151 and 795?
159
Calculate the greatest common divisor of 69344 and 288.
32
What is the highest common divisor of 686 and 5722?
2
Calculate the highest common factor of 409 and 298161.
409
What is the greatest common factor of 48 and 256428?
12
What is the greatest common divisor of 54 and 7408998?
18
What is the greatest common factor of 23 and 394151?
23
What is the greatest common factor of